9
What is the hundreds digit of 837?
8
What is the units digit of 92?
2
What is the units digit of 6385?
5
What is the hundreds digit of 16135?
1
What is the tens digit of 53433?
3
What is the tens digit of 79967?
6
What is the units digit of 1889?
9
What is the thousands digit of 15880?
5
What is the hundreds digit of 5633?
6
What is the units digit of 85970?
0
What is the hundreds digit of 1835?
8
What is the thousands digit of 1446?
1
What is the units digit of 121988?
8
What is the hundreds digit of 90559?
5
What is the tens digit of 3650?
5
What is the units digit of 1223?
3
What is the ten thousands digit of 10355?
1
What is the thousands digit of 49345?
9
What is the thousands digit of 17080?
7
What is the units digit of 903?
3
What is the hundreds digit of 14720?
7
What is the thousands digit of 8841?
8
What is the units digit of 6971?
1
What is the hundreds digit of 1719?
7
What is the thousands digit of 23490?
3
What is the ten thousands digit of 79497?
7
What is the tens digit of 9058?
5
What is the tens digit of 10121?
2
What is the units digit of 4227?
7
What is the units digit of 2263?
3
What is the thousands digit of 82991?
2
What is the hundreds digit of 1186?
1
What is the units digit of 1267?
7
What is the units digit of 504?
4
What is the thousands digit of 15039?
5
What is the hundreds digit of 1253?
2
What is the tens digit of 2059?
5
What is the units digit of 1086?
6
What is the tens digit of 1295?
9
What is the thousands digit of 8857?
8
What is the ten thousands digit of 13961?
1
What is the thousands digit of 56161?
6
What is the ten thousands digit of 16075?
1
What is the thousands digit of 1327?
1
What is the thousands digit of 20497?
0
What is the ten thousands digit of 77981?
7
What is the units digit of 69605?
5
What is the units digit of 1022?
2
What is the hundred thousands digit of 122109?
1
What is the units digit of 804?
4
What is the hundreds digit of 3631?
6
What is the hundreds digit of 3321?
3
What is the units digit of 2324?
4
What is the tens digit of 4198?
9
What is the units digit of 5293?
3
What is the units digit of 8770?
0
What is the hundreds digit of 3229?
2
What is the units digit of 666?
6
What is the thousands digit of 2282?
2
What is the units digit of 49554?
4
What is the units digit of 1828?
8
What is the units digit of 1124?
4
What is the ten thousands digit of 170932?
7
What is the thousands digit of 1556?
1
What is the tens digit of 2950?
5
What is the tens digit of 492?
9
What is the tens digit of 255?
5
What is the hundreds digit of 1040?
0
What is the units digit of 357?
7
What is the units digit of 1197?
7
What is the thousands digit of 81586?
1
What is the tens digit of 4160?
6
What is the tens digit of 13211?
1
What is the hundreds digit of 1230?
2
What is the hundreds digit of 3093?
0
What is the thousands digit of 7630?
7
What is the tens digit of 640?
4
What is the units digit of 985?
5
What is the units digit of 8?
8
What is the hundreds digit of 52862?
8
What is the hundreds digit of 21206?
2
What is the thousands digit of 1098?
1
What is the tens digit of 3674?
7
What is the units digit of 54652?
2
What is the thousands digit of 1123?
1
What is the units digit of 10894?
4
What is the ten thousands digit of 23256?
2
What is the units digit of 766?
6
What is the ten thousands digit of 40624?
4
What is the hundreds digit of 38344?
3
What is the units digit of 914?
4
What is the hundreds digit of 1006?
0
What is the hundreds digit of 5438?
4
What is the units digit of 327?
7
What is the thousands digit of 1099?
1
What is the tens digit of 4064?
6
What is the units digit of 1412?
2
What is the units digit of 4540?
0
What is the units digit of 12911?
1
What is the ten thousands digit of 30901?
3
What is the tens digit of 449?
4
What is the tens digit of 52352?
5
What is the thousands digit of 1193?
1
What is the hundreds digit of 4830?
8
What is the ten thousands digit of 17624?
1
What is the hundreds digit of 33451?
4
What is the units digit of 1789?
9
What is the tens digit of 1188?
8
What is the units digit of 5593?
3
What is the tens digit of 958?
5
What is the hundreds digit of 7449?
4
What is the ten thousands digit of 70113?
7
What is the ten thousands digit of 29895?
2
What is the thousands digit of 2175?
2
What is the thousands digit of 49202?
9
What is the thousands digit of 120969?
0
What is the units digit of 78207?
7
What is the thousands digit of 4123?
4
What is the units digit of 21845?
5
What is the tens digit of 8370?
7
What is the units digit of 2508?
8
What is the tens digit of 304?
0
What is the hundreds digit of 10668?
6
What is the units digit of 149769?
9
What is the thousands digit of 5141?
5
What is the hundreds digit of 5544?
5
What is the hundreds digit of 32711?
7
What is the units digit of 11280?
0
What is the hundreds digit of 28175?
1
What is the tens digit of 6236?
3
What is the ten thousands digit of 29639?
2
What is the thousands digit of 116232?
6
What is the thousands digit of 6390?
6
What is the hundreds digit of 4244?
2
What is the thousands digit of 3525?
3
What is the units digit of 383?
3
What is the ten thousands digit of 132338?
3
What is the ten thousands digit of 16286?
1
What is the hundreds digit of 1336?
3
What is the tens digit of 116162?
6
What is the hundreds digit of 21127?
1
What is the units digit of 31844?
4
What is the ten thousands digit of 12191?
1
What is the units digit of 9388?
8
What is the units digit of 2863?
3
What is the thousands digit of 5280?
5
What is the units digit of 524?
4
What is the units digit of 2461?
1
What is the thousands digit of 2076?
2
What is the tens digit of 755?
5
What is the thousands digit of 1199?
1
What is the thousands digit of 14485?
4
What is the hundreds digit of 806?
8
What is the tens digit of 14617?
1
What is the tens digit of 77196?
9
What is the hundreds digit of 2453?
4
What is the thousands digit of 32480?
2
What is the units digit of 495?
5
What is the thousands digit of 4534?
4
What is the ten thousands digit of 33700?
3
What is the tens digit of 419?
1
What is the thousands digit of 2320?
2
What is the units digit of 676?
6
What is the units digit of 3310?
0
What is the tens digit of 3683?
8
What is the ten thousands digit of 14217?
1
What is the hundreds digit of 45013?
0
What is the ten thousands digit of 10778?
1
What is the units digit of 22304?
4
What is the hundreds digit of 7833?
8
What is the tens digit of 521?
2
What is the hundreds digit of 2875?
8
What is the hundreds digit of 2279?
2
What is the thousands digit of 4496?
4
What is the ten thousands digit of 60129?
6
What is the units digit of 5159?
9
What is the hundreds digit of 34664?
6
What is the hundreds digit of 6142?
1
What is the ten thousands digit of 42736?
4
What is the thousands digit of 16097?
6
What is the units digit of 24456?
6
What is the tens digit of 454?
5
What is the tens digit of 51277?
7
What is the tens digit of 6179?
7
What is the thousands digit of 85051?
5
What is the units digit of 1522?
2
What is the units digit of 2079?
9
What is the units digit of 2013?
3
What is the tens digit of 8724?
2
What is the tens digit of 1644?
4
What is the hundreds digit of 537?
5
What is the tens digit of 30745?
4
What is the tens digit of 891?
9
What is the thousands digit of 50048?
0
What is the thousands digit of 2827?
2
What is the thousands digit of 19786?
9
What is the hundreds digit of 42584?
5
What is the hundreds digit of 5700?
7
What is the tens digit of 942?
4
What is the tens digit of 70447?
4
What is the tens digit of 580?
8
What is the units digit of 1502?
2
What is the tens digit of 11546?
4
What is the thousands digit of 4248?
4
What is the thousands digit of 5862?
5
What is the hundreds digit of 873?
8
What is the ten thousands digit of 13334?
1
What is the tens digit of 568?
6
What is the units digit of 10743?
3
What is the tens digit of 537?
3
What is the units digit of 911?
1
What is the hundreds digit of 630?
6
What is the hundreds digit of 1573?
5
What is the ten thousands digit of 92752?
9
What is the units digit of 87770?
0
What is the units digit of 379?
9
What is the units digit of 9407?
7
What is the thousands digit of 3057?
3
What is the hundreds digit of 943?
9
What is the 